he highest common divisor of 144 and d?
36
Suppose -4*p - 2 = -10. Let s be 6540/72 - p/(-12). Calculate the greatest common divisor of 13 and s.
13
Suppose 0 = 5*n + 46 - 1. Let v(z) = z**3 + 9*z**2 + 12. Let y be v(n). Let j be (-2)/4 - (-386)/12*3. Calculate the highest common factor of j and y.
12
Let p be 14048/52 + (-2)/13. Let r be 3 + 12/(-16) + (-1269)/(-12). Calculate the highest common factor of r and p.
54
Let j = 186 + -102. Calculate the highest common divisor of 112 and j.
28
Let m(x) = -x**2 + 1. Let r(f) = -5 + 10*f - 10*f + 34*f**2. Let q(b) = 4*m(b) + r(b). Let j be q(1). Calculate the highest common divisor of j and 87.
29
Suppose -7*x + 369 + 93 = 0. Let p = -8 + 1. Let n(h) = -h**2 - 9*h + 8. Let a be n(p). Calculate the highest common divisor of a and x.
22
Let p = -95 + 109. Let a(q) = 16*q**2 + 2*q - 2 + 6*q**2 - 2*q**2 + 6*q**2. Let h be a(-2). What is the highest common factor of h and p?
14
Let b(h) = h**3 + 6*h**2 + 12*h - 7. Let o be b(5). Calculate the highest common factor of o and 8.
8
Let h = 6797 - 6778. Let g(d) = 10*d**2 - 2*d - 1. Let o be g(-3). Calculate the greatest common divisor of h and o.
19
Let g(m) = m**3 + 14*m**2 + m + 13. Let b be g(-14). Let i(d) = -29*d**3 + d**2 + 2*d + 2. Let t be i(b). What is the highest common divisor of t and 6?
6
Suppose -5*p = -4*s - 56, 0 = -3*p + s - 0*s + 28. Suppose 0 = -2*d + 4, 3*y + d - 84 = -2*d. Let o = y - p. What is the highest common divisor of 45 and o?
9
Suppose 3*j - 4*z + 0*z + 26 = 0, 5*z = 3*j + 31. Let r be j/(8/(-1292)) + -3. Calculate the greatest common factor of 20 and r.
20
Suppose 15*v = 2*v + 429. What is the greatest common divisor of v and 429?
33
Let q = 75 + -78. Let v(t) = 3*t**3 + 6*t**2 + 4 - 2*t**3 + t + 0*t**3. Let b be v(q). Calculate the greatest common factor of 4 and b.
4
Let w be (-98)/343 + 58/7. Calculate the greatest common divisor of w and 148.
4
Let t be (-4 + 16/12)/(5/(-105)). What is the greatest common divisor of 210 and t?
14
Suppose 0 = -9*l - 15*l + 768. What is the greatest common divisor of 88 and l?
8
Let m(y) = -14*y**3 + 4*y**2 - 4*y - 15. Let q be m(-2). What is the highest common factor of q and 88?
11
Suppose -4*c - 5*p = 16, -4*p - 19 - 10 = 5*c. Let k be (c/(135/(-24)))/((-2)/(-10)). Calculate the highest common factor of k and 40.
8
Let n(v) = 9*v + 20. Let m(u) = 5*u + 10. Let f(s) = -11*m(s) + 6*n(s). Let y be f(3). What is the greatest common divisor of 56 and y?
7
Suppose 2*d - w - 77 = -3*d, -2*d + 36 = -3*w. Let x = 12 - d. Let b = 0 - x. What is the highest common factor of b and 2?
1
Let v be ((-12)/10)/(21/70) - -116. Calculate the highest common factor of 42 and v.
14
Let a(c) be the second derivative of -3/2*c**2 + 1/20*c**5 + 2/3*c**4 - 1/6*c**3 + 0 + 3*c. Let w be a(-6). Calculate the highest common divisor of 50 and w.
25
Let p(i) = i**3 - 16*i**2 + 16*i + 15. Let u be p(15). Suppose -34*c + 960 = -u*c. Calculate the highest common divisor of c and 40.
40
Suppose 55 = 5*g + 3*h - 171, 0 = -4*g + 4*h + 200. Let b = g + -41. Calculate the greatest common divisor of b and 4.
2
Let o(q) = -74*q - 59. Let c be o(-1). Suppose 3*w + 0 = -t - 2, -2*w = 3*t - 1. Let l = t - -14. Calculate the greatest common divisor of c and l.
15
Let n(d) = -d - 12. Let y(h) = -h**2 - 5*h + 1. Let c be y(-6). Let z be n(c). Let g = z + 22. What is the highest common divisor of 120 and g?
15
Suppose -21 = 11*u - 516. Calculate the highest common factor of 1125 and u.
45
Let h = 94 - 3. What is the highest common divisor of h and 7?
7
Let j(w) = -w**3 + 2*w**2 - 23*w - 168. Let a be j(-9). Calculate the greatest common factor of 30 and a.
30
Suppose 0 = -i - a + 59, -74 = -i - 0*i + 2*a. What is the greatest common divisor of i and 4?
4
Let a(r) = -r**2 + 24*r - 2. Let d be a(3). What is the highest common factor of d and 549?
61
Let u(c) = c**3 + 9*c**2 + c. Let y be u(-2). What is the greatest common divisor of 767 and y?
13
Suppose -m + 2 = 10. Let s(t) = -t**2 - 17*t - 12. Let c be s(m). Calculate the highest common divisor of c and 40.
20
Let m = -1733 + 1969. Calculate the highest common divisor of m and 826.
118
Suppose 434 = f + 86. Calculate the greatest common factor of f and 12.
12
Let s(u) = 3*u - 5. Let g be s(6). Suppose -3*x - 9 = 0, -32*x + 84 = 3*y - 34*x. Calculate the greatest common factor of g and y.
13
Suppose -22*m - 3*l + 1223 = -17*m, -5*m = -l - 1239. Calculate the highest common factor of m and 52.
13
Let t be (5 - -1*1)*(-459)/(-153). What is the highest common divisor of t and 666?
18
Let g be (2 - 2/1)*-1. Suppose w + 162 = 4*w - 2*a, g = 4*w - a - 211. Let i be (-2 + 1)/((-4)/w). Calculate the greatest common factor of 117 and i.
13
Suppose 0*q = -2*q + 6. Let d(g) = -g**2 + 10*g + 1. Suppose -6*r + 50 = -r. Let x be d(r). What is the highest common divisor of x and q?
1
Let v be 136/2856 - (-104)/21. What is the greatest common divisor of v and 505?
5
Let m(f) = -8*f - 94. Let b be m(-13). Let h(g) = g**2 + g + 4. Let i be h(-5). Let t = i + 6. Calculate the greatest common divisor of b and t.
10
Let d(o) = -o**3 + 5*o**2 + 3*o - 11. Let m be d(5). Calculate the highest common factor of m and 32.
4
Suppose 35 = 18*p - 127. Suppose -4*q + 86 + 238 = 0. What is the highest common divisor of p and q?
9
Let g be (-3 - 0)/(-3)*1/1. Let w be (g - (8 + -6))/((-1)/90). Let f = 113 + -77. Calculate the highest common divisor of f and w.
18
Let u be 17*-4 + (-2)/4*0. Let n = -55 - u. Calculate the highest common factor of n and 91.
13
Suppose 0 = 2*z - 28 - 28. Let m = z + -34. Let f be (-146)/(-14) + m/14. Calculate the greatest common factor of f and 30.
10
Let l(t) = 4*t - 23. Let x be l(6). Let u(k) = 19*k - 5. Let r be u(x). What is the greatest common divisor of 56 and r?
14
Suppose -2*g = -5*y - 0*g + 65, -2*g - 43 = -3*y. Let r = y - -17. Calculate the highest common factor of 98 and r.
14
Let j be -1 + 6 - 19/(247/(-39)). Let s(f) = f**2 + 3*f - 6. Let x be s(6). Calculate the highest common divisor of j and x.
8
Let h be (25/2)/(2/4). Let s(n) = -n**2 + 29*n + 87. Let x be s(23). What is the greatest common divisor of h and x?
25
Let a(o) = 81*o - 9. Let k be a(2). Calculate the greatest common factor of 17 and k.
17
Suppose 4*l - 5*m + 3*m = 12, 5*m = -2*l - 6. Suppose -85 = -l*g + 15. Calculate the highest common divisor of 20 and g.
10
Let b(u) = 10*u - 8 + 1 + 2 + 4*u - u**2. Let x be b(12). What is the greatest common factor of x and 76?
19
Suppose 42*s = 17320 + 22076. Calculate the highest common divisor of s and 28.
14
Let f = 412 - 406. What is the highest common divisor of f and 69?
3
Let v = 176 + -173. Calculate the highest common divisor of v and 99.
3
Suppose 22*k = -77 + 1771. Calculate the highest common factor of k and 55.
11
Suppose -v + 184 = -5*v. Let z(w) = w**3 - 6*w**2 - 6*w + 10. Let a be z(6). Let n = a - v. Calculate the greatest common divisor of n and 30.
10
Let a = 182 - -138. Calculate the greatest common factor of 40 and a.
40
Let x = -206 + 296. Let c(z) = -12*z - 24. Let i be c(-7). What is the greatest common factor of i and x?
30
Suppose 47 = -8*u - 105. Let b = 17 - u. Calculate the greatest common factor of 288 and b.
36
Let h = 26 - 26. Let i be (h - 2)/(1/(-2)). What is the greatest common divisor of 8 and i?
4
Let v = -12 + 25. Let k = v - 9. What is the highest common divisor of k and 20?
4
Let f be 1 + 4*(7 - 5). What is the highest common divisor of 153 and f?
9
Let y(r) = -91*r - 191. Let b be y(-7). Calculate the highest common factor of 2 and b.
2
Let s(v) = -6*v + 7. Suppose -5*n - 5 + 30 = 0. Let g be s(n). Let j = g + 33. Calculate the highest common factor of j and 30.
10
Suppose -5*g - 21 = -q, -3*q + 4*g - 8*g = -44. Calculate the highest common divisor of 28 and q.
4
Let j(n) = 2*n - 23. Let q(o) = 7*o - 20. Let r be q(5). Let h be j(r). What is the greatest common divisor of h and 35?
7
Let z be -5 - (-23 - ((1 - 2) + 3)). Calculate the highest common factor of 32 and z.
4
Suppose 5*a - r + 6*r + 560 = 0, 5*a - 3*r = -600. Let y = 261 + a. Let x = -791 - -827. What is the highest common factor of x and y?
36
Let z be 3 + 39/(-1 + 0). Let i be (-644)/(-24) + (-6)/z. Let p(o) = -o**3 + 5*o**2 + 8*o - 3. Let g be p(6). What is the g